{"id":10,"date":"2025-06-06T12:50:12","date_gmt":"2025-06-06T12:50:12","guid":{"rendered":"http:\/\/engelundherz.de\/?page_id=10"},"modified":"2025-07-09T13:32:42","modified_gmt":"2025-07-09T13:32:42","slug":"portfolio","status":"publish","type":"page","link":"https:\/\/engelundherz.de\/?page_id=10","title":{"rendered":"Unser Service"},"content":{"rendered":"\n<div class=\"wp-block-cover alignfull\" style=\"min-height:300px;aspect-ratio:unset;\"><span aria-hidden=\"true\" class=\"wp-block-cover__background has-nv-site-bg-background-color has-background-dim-100 has-background-dim\"><\/span><div class=\"wp-block-cover__inner-container is-layout-flow wp-block-cover-is-layout-flow\">\n<div class=\"wp-block-group\" style=\"padding-right:var(--wp--preset--spacing--30);padding-left:var(--wp--preset--spacing--30)\"><div class=\"wp-block-group__inner-container is-layout-flow wp-block-group-is-layout-flow\">\n<h2 class=\"wp-block-heading has-text-align-left\">Unser Service<\/h2>\n\n\n\n<p class=\"has-nv-dark-bg-color has-text-color has-link-color wp-elements-8e47168c13057f0da34d2e2f73bad914\"><\/p>\n\n\n\n<div class=\"wp-block-media-text is-stacked-on-mobile\" style=\"grid-template-columns:19% auto\"><figure class=\"wp-block-media-text__media\"><a href=\"https:\/\/engelundherz.de\/wp-content\/uploads\/2025\/07\/Flyer.pdf\" target=\"_blank\" rel=\" noreferrer noopener\"><img data-recalc-dims=\"1\" loading=\"lazy\" decoding=\"async\" width=\"1024\" height=\"1024\" data-attachment-id=\"400\" data-permalink=\"https:\/\/engelundherz.de\/?attachment_id=400\" data-orig-file=\"https:\/\/i0.wp.com\/engelundherz.de\/wp-content\/uploads\/2025\/07\/420fb333-fd8f-47ad-97e2-0657017eec08-1.png?fit=1024%2C1024&amp;ssl=1\" data-orig-size=\"1024,1024\" data-comments-opened=\"1\" data-image-meta=\"{&quot;aperture&quot;:&quot;0&quot;,&quot;credit&quot;:&quot;&quot;,&quot;camera&quot;:&quot;&quot;,&quot;caption&quot;:&quot;&quot;,&quot;created_timestamp&quot;:&quot;0&quot;,&quot;copyright&quot;:&quot;&quot;,&quot;focal_length&quot;:&quot;0&quot;,&quot;iso&quot;:&quot;0&quot;,&quot;shutter_speed&quot;:&quot;0&quot;,&quot;title&quot;:&quot;&quot;,&quot;orientation&quot;:&quot;0&quot;}\" data-image-title=\"420fb333-fd8f-47ad-97e2-0657017eec08-1.png\" data-image-description=\"\" data-image-caption=\"\" data-large-file=\"https:\/\/i0.wp.com\/engelundherz.de\/wp-content\/uploads\/2025\/07\/420fb333-fd8f-47ad-97e2-0657017eec08-1.png?fit=1024%2C1024&amp;ssl=1\" src=\"https:\/\/i0.wp.com\/engelundherz.de\/wp-content\/uploads\/2025\/07\/420fb333-fd8f-47ad-97e2-0657017eec08-1.png?resize=1024%2C1024&#038;ssl=1\" alt=\"\" class=\"wp-image-400 size-full\" srcset=\"https:\/\/i0.wp.com\/engelundherz.de\/wp-content\/uploads\/2025\/07\/420fb333-fd8f-47ad-97e2-0657017eec08-1.png?w=1024&amp;ssl=1 1024w, https:\/\/i0.wp.com\/engelundherz.de\/wp-content\/uploads\/2025\/07\/420fb333-fd8f-47ad-97e2-0657017eec08-1.png?resize=300%2C300&amp;ssl=1 300w, https:\/\/i0.wp.com\/engelundherz.de\/wp-content\/uploads\/2025\/07\/420fb333-fd8f-47ad-97e2-0657017eec08-1.png?resize=150%2C150&amp;ssl=1 150w, https:\/\/i0.wp.com\/engelundherz.de\/wp-content\/uploads\/2025\/07\/420fb333-fd8f-47ad-97e2-0657017eec08-1.png?resize=768%2C768&amp;ssl=1 768w\" sizes=\"auto, (max-width: 1024px) 100vw, 1024px\" \/><\/a><\/figure><div class=\"wp-block-media-text__content\">\n<figure class=\"wp-block-pullquote has-neve-text-color-color has-text-color has-link-color wp-elements-698b7e1b83e3537c653d333eab0b045b\"><blockquote><p><strong>Individuelle Alltagshilfe mit Herz \u2013 pers\u00f6nlich, zuverl\u00e4ssig und nah f\u00fcr Menschen in jeder Lebenslage.<\/strong><\/p><\/blockquote><\/figure>\n<\/div><\/div>\n<\/div><\/div>\n\n\n\n<div style=\"height:100px\" aria-hidden=\"true\" class=\"wp-block-spacer\"><\/div>\n<\/div><\/div>\n\n\n\n<div class=\"wp-block-cover alignfull\" style=\"min-height:600px;aspect-ratio:unset;\"><span aria-hidden=\"true\" class=\"wp-block-cover__background has-nv-light-bg-background-color has-background-dim-100 has-background-dim\"><\/span><div class=\"wp-block-cover__inner-container is-layout-flow wp-block-cover-is-layout-flow\">\n<div class=\"wp-block-group\"><div class=\"wp-block-group__inner-container is-layout-flow wp-block-group-is-layout-flow\">\n<div class=\"wp-block-columns are-vertically-aligned-center is-layout-flex wp-container-core-columns-is-layout-9d6595d7 wp-block-columns-is-layout-flex\">\n<div class=\"wp-block-column is-vertically-aligned-center is-layout-flow wp-block-column-is-layout-flow\" style=\"padding-right:var(--wp--preset--spacing--30);padding-left:var(--wp--preset--spacing--30);flex-basis:50%\">\n<figure class=\"wp-block-image size-full is-resized has-custom-border is-style-rounded\"><img data-recalc-dims=\"1\" loading=\"lazy\" decoding=\"async\" width=\"1200\" height=\"800\" data-attachment-id=\"214\" data-permalink=\"https:\/\/engelundherz.de\/?attachment_id=214\" data-orig-file=\"https:\/\/i0.wp.com\/engelundherz.de\/wp-content\/uploads\/2025\/06\/6c32b5a4-cd60-4675-a5c6-153ca70ad1db-1.png?fit=1536%2C1024&amp;ssl=1\" data-orig-size=\"1536,1024\" data-comments-opened=\"1\" data-image-meta=\"{&quot;aperture&quot;:&quot;0&quot;,&quot;credit&quot;:&quot;&quot;,&quot;camera&quot;:&quot;&quot;,&quot;caption&quot;:&quot;&quot;,&quot;created_timestamp&quot;:&quot;0&quot;,&quot;copyright&quot;:&quot;&quot;,&quot;focal_length&quot;:&quot;0&quot;,&quot;iso&quot;:&quot;0&quot;,&quot;shutter_speed&quot;:&quot;0&quot;,&quot;title&quot;:&quot;&quot;,&quot;orientation&quot;:&quot;0&quot;}\" data-image-title=\"6c32b5a4-cd60-4675-a5c6-153ca70ad1db-1.png\" data-image-description=\"\" data-image-caption=\"\" data-large-file=\"https:\/\/i0.wp.com\/engelundherz.de\/wp-content\/uploads\/2025\/06\/6c32b5a4-cd60-4675-a5c6-153ca70ad1db-1.png?fit=1024%2C683&amp;ssl=1\" src=\"https:\/\/i0.wp.com\/engelundherz.de\/wp-content\/uploads\/2025\/06\/6c32b5a4-cd60-4675-a5c6-153ca70ad1db-1.png?resize=1200%2C800&#038;ssl=1\" alt=\"\" class=\"wp-image-214\" style=\"border-radius:24px;width:363px;height:auto\" srcset=\"https:\/\/i0.wp.com\/engelundherz.de\/wp-content\/uploads\/2025\/06\/6c32b5a4-cd60-4675-a5c6-153ca70ad1db-1.png?w=1536&amp;ssl=1 1536w, https:\/\/i0.wp.com\/engelundherz.de\/wp-content\/uploads\/2025\/06\/6c32b5a4-cd60-4675-a5c6-153ca70ad1db-1.png?resize=300%2C200&amp;ssl=1 300w, https:\/\/i0.wp.com\/engelundherz.de\/wp-content\/uploads\/2025\/06\/6c32b5a4-cd60-4675-a5c6-153ca70ad1db-1.png?resize=1024%2C683&amp;ssl=1 1024w, https:\/\/i0.wp.com\/engelundherz.de\/wp-content\/uploads\/2025\/06\/6c32b5a4-cd60-4675-a5c6-153ca70ad1db-1.png?resize=768%2C512&amp;ssl=1 768w, https:\/\/i0.wp.com\/engelundherz.de\/wp-content\/uploads\/2025\/06\/6c32b5a4-cd60-4675-a5c6-153ca70ad1db-1.png?resize=930%2C620&amp;ssl=1 930w\" sizes=\"auto, (max-width: 1200px) 100vw, 1200px\" \/><\/figure>\n\n\n\n<hr class=\"wp-block-separator has-alpha-channel-opacity\"\/>\n\n\n\n<h3 class=\"wp-block-heading has-text-align-left has-neve-text-color-color has-text-color\"><em>Einkaufsservice<\/em><\/h3>\n\n\n\n<p class=\"has-text-align-left has-neve-text-color-color has-text-color\">\ud83d\udcb6 Pauschalpreis: 34,95\u202f\u20ac pro Stunde<br>\u2714\ufe0f An- und Abfahrt bereits inklusive*<br>\u2714\ufe0f Pers\u00f6nlicher Service nach Absprache<br>\u2714\ufe0f Auch Begleitung beim Einkauf m\u00f6glich<\/p>\n\n\n\n<p class=\"has-text-align-left has-neve-text-color-color has-text-color\">Hinweis: Die Abrechnung erfolgt im 30-Minuten-Takt. Die Rechnung ist ohne Abzug sofort f\u00e4llig.<\/p>\n\n\n\n<div class=\"wp-block-buttons has-custom-font-size has-small-font-size is-content-justification-left is-layout-flex wp-container-core-buttons-is-layout-fdcfc74e wp-block-buttons-is-layout-flex\">\n<div class=\"wp-block-button is-style-default\"><a class=\"wp-block-button__link has-nv-text-dark-bg-color has-neve-link-color-background-color has-text-color has-background has-link-color has-custom-font-size wp-element-button\" href=\"https:\/\/engelundherz.de\/?page_id=361\" style=\"font-size:16px\">Los<\/a><\/div>\n<\/div>\n\n\n\n<div style=\"height:40px\" aria-hidden=\"true\" class=\"wp-block-spacer\"><\/div>\n<\/div>\n\n\n\n<div class=\"wp-block-column is-vertically-aligned-center is-layout-flow wp-block-column-is-layout-flow\" style=\"padding-right:var(--wp--preset--spacing--30);padding-left:var(--wp--preset--spacing--30);flex-basis:50%\">\n<figure class=\"wp-block-image size-full has-custom-border\"><img data-recalc-dims=\"1\" loading=\"lazy\" decoding=\"async\" width=\"1200\" height=\"800\" data-attachment-id=\"214\" data-permalink=\"https:\/\/engelundherz.de\/?attachment_id=214\" data-orig-file=\"https:\/\/i0.wp.com\/engelundherz.de\/wp-content\/uploads\/2025\/06\/6c32b5a4-cd60-4675-a5c6-153ca70ad1db-1.png?fit=1536%2C1024&amp;ssl=1\" data-orig-size=\"1536,1024\" data-comments-opened=\"1\" data-image-meta=\"{&quot;aperture&quot;:&quot;0&quot;,&quot;credit&quot;:&quot;&quot;,&quot;camera&quot;:&quot;&quot;,&quot;caption&quot;:&quot;&quot;,&quot;created_timestamp&quot;:&quot;0&quot;,&quot;copyright&quot;:&quot;&quot;,&quot;focal_length&quot;:&quot;0&quot;,&quot;iso&quot;:&quot;0&quot;,&quot;shutter_speed&quot;:&quot;0&quot;,&quot;title&quot;:&quot;&quot;,&quot;orientation&quot;:&quot;0&quot;}\" data-image-title=\"6c32b5a4-cd60-4675-a5c6-153ca70ad1db-1.png\" data-image-description=\"\" data-image-caption=\"\" data-large-file=\"https:\/\/i0.wp.com\/engelundherz.de\/wp-content\/uploads\/2025\/06\/6c32b5a4-cd60-4675-a5c6-153ca70ad1db-1.png?fit=1024%2C683&amp;ssl=1\" src=\"https:\/\/i0.wp.com\/engelundherz.de\/wp-content\/uploads\/2025\/06\/6c32b5a4-cd60-4675-a5c6-153ca70ad1db-1.png?resize=1200%2C800&#038;ssl=1\" alt=\"\" class=\"wp-image-214\" style=\"border-radius:24px\" srcset=\"https:\/\/i0.wp.com\/engelundherz.de\/wp-content\/uploads\/2025\/06\/6c32b5a4-cd60-4675-a5c6-153ca70ad1db-1.png?w=1536&amp;ssl=1 1536w, https:\/\/i0.wp.com\/engelundherz.de\/wp-content\/uploads\/2025\/06\/6c32b5a4-cd60-4675-a5c6-153ca70ad1db-1.png?resize=300%2C200&amp;ssl=1 300w, https:\/\/i0.wp.com\/engelundherz.de\/wp-content\/uploads\/2025\/06\/6c32b5a4-cd60-4675-a5c6-153ca70ad1db-1.png?resize=1024%2C683&amp;ssl=1 1024w, https:\/\/i0.wp.com\/engelundherz.de\/wp-content\/uploads\/2025\/06\/6c32b5a4-cd60-4675-a5c6-153ca70ad1db-1.png?resize=768%2C512&amp;ssl=1 768w, https:\/\/i0.wp.com\/engelundherz.de\/wp-content\/uploads\/2025\/06\/6c32b5a4-cd60-4675-a5c6-153ca70ad1db-1.png?resize=930%2C620&amp;ssl=1 930w\" sizes=\"auto, (max-width: 1200px) 100vw, 1200px\" \/><\/figure>\n\n\n\n<hr class=\"wp-block-separator has-alpha-channel-opacity\"\/>\n\n\n\n<h3 class=\"wp-block-heading has-text-align-left has-neve-text-color-color has-text-color\"><em>Haushalt \/ Begleitung<\/em><\/h3>\n\n\n\n<p class=\"has-text-align-left has-neve-text-color-color has-text-color\">\ud83d\udcb6 Pauschalpreis: 34,95\u202f\u20ac pro Stunde<br>\u2714\ufe0f An- und Abfahrt bereits inklusive*<br>\u2714\ufe0f Pers\u00f6nlicher Service nach Absprache<br>\u2714\ufe0f Auch Begleitung zur Apotheke, etc.<\/p>\n\n\n\n<p class=\"has-text-align-left has-neve-text-color-color has-text-color\">Hinweis: Die Abrechnung erfolgt im 30-Minuten-Takt. Die Rechnung ist ohne Abzug sofort f\u00e4llig.<\/p>\n\n\n\n<div class=\"wp-block-buttons has-custom-font-size has-small-font-size is-content-justification-left is-layout-flex wp-container-core-buttons-is-layout-fdcfc74e wp-block-buttons-is-layout-flex\">\n<div class=\"wp-block-button is-style-default\"><a class=\"wp-block-button__link has-nv-text-dark-bg-color has-neve-link-color-background-color has-text-color has-background has-link-color has-custom-font-size wp-element-button\" href=\"https:\/\/engelundherz.de\/?page_id=361\" style=\"font-size:16px\">Los<\/a><\/div>\n<\/div>\n\n\n\n<div style=\"height:40px\" aria-hidden=\"true\" class=\"wp-block-spacer\"><\/div>\n<\/div>\n\n\n\n<div class=\"wp-block-column is-vertically-aligned-center is-layout-flow wp-block-column-is-layout-flow\" style=\"padding-right:var(--wp--preset--spacing--30);padding-left:var(--wp--preset--spacing--30);flex-basis:50%\">\n<figure class=\"wp-block-image size-full has-custom-border\"><img data-recalc-dims=\"1\" loading=\"lazy\" decoding=\"async\" width=\"1200\" height=\"800\" data-attachment-id=\"214\" data-permalink=\"https:\/\/engelundherz.de\/?attachment_id=214\" data-orig-file=\"https:\/\/i0.wp.com\/engelundherz.de\/wp-content\/uploads\/2025\/06\/6c32b5a4-cd60-4675-a5c6-153ca70ad1db-1.png?fit=1536%2C1024&amp;ssl=1\" data-orig-size=\"1536,1024\" data-comments-opened=\"1\" data-image-meta=\"{&quot;aperture&quot;:&quot;0&quot;,&quot;credit&quot;:&quot;&quot;,&quot;camera&quot;:&quot;&quot;,&quot;caption&quot;:&quot;&quot;,&quot;created_timestamp&quot;:&quot;0&quot;,&quot;copyright&quot;:&quot;&quot;,&quot;focal_length&quot;:&quot;0&quot;,&quot;iso&quot;:&quot;0&quot;,&quot;shutter_speed&quot;:&quot;0&quot;,&quot;title&quot;:&quot;&quot;,&quot;orientation&quot;:&quot;0&quot;}\" data-image-title=\"6c32b5a4-cd60-4675-a5c6-153ca70ad1db-1.png\" data-image-description=\"\" data-image-caption=\"\" data-large-file=\"https:\/\/i0.wp.com\/engelundherz.de\/wp-content\/uploads\/2025\/06\/6c32b5a4-cd60-4675-a5c6-153ca70ad1db-1.png?fit=1024%2C683&amp;ssl=1\" src=\"https:\/\/i0.wp.com\/engelundherz.de\/wp-content\/uploads\/2025\/06\/6c32b5a4-cd60-4675-a5c6-153ca70ad1db-1.png?resize=1200%2C800&#038;ssl=1\" alt=\"\" class=\"wp-image-214\" style=\"border-radius:24px\" srcset=\"https:\/\/i0.wp.com\/engelundherz.de\/wp-content\/uploads\/2025\/06\/6c32b5a4-cd60-4675-a5c6-153ca70ad1db-1.png?w=1536&amp;ssl=1 1536w, https:\/\/i0.wp.com\/engelundherz.de\/wp-content\/uploads\/2025\/06\/6c32b5a4-cd60-4675-a5c6-153ca70ad1db-1.png?resize=300%2C200&amp;ssl=1 300w, https:\/\/i0.wp.com\/engelundherz.de\/wp-content\/uploads\/2025\/06\/6c32b5a4-cd60-4675-a5c6-153ca70ad1db-1.png?resize=1024%2C683&amp;ssl=1 1024w, https:\/\/i0.wp.com\/engelundherz.de\/wp-content\/uploads\/2025\/06\/6c32b5a4-cd60-4675-a5c6-153ca70ad1db-1.png?resize=768%2C512&amp;ssl=1 768w, https:\/\/i0.wp.com\/engelundherz.de\/wp-content\/uploads\/2025\/06\/6c32b5a4-cd60-4675-a5c6-153ca70ad1db-1.png?resize=930%2C620&amp;ssl=1 930w\" sizes=\"auto, (max-width: 1200px) 100vw, 1200px\" \/><\/figure>\n\n\n\n<hr class=\"wp-block-separator has-alpha-channel-opacity\"\/>\n\n\n\n<h3 class=\"wp-block-heading has-text-align-left has-neve-text-color-color has-text-color\"><em>Gartenhilfe<\/em><\/h3>\n\n\n\n<p class=\"has-text-align-left has-neve-text-color-color has-text-color\">\ud83d\udcb6 Pauschalpreis: 44,95\u202f\u20ac pro Stunde<br>\u2714\ufe0f An- und Abfahrt bereits inklusive*<br>\u2714\ufe0f Leichte Gartenarbeit  <br>\u2714\ufe0f Freundlich, diskret und zuverl\u00e4ssig<\/p>\n\n\n\n<p class=\"has-text-align-left has-neve-text-color-color has-text-color\">Hinweis: Die Abrechnung erfolgt im 30-Minuten-Takt. Die Rechnung ist ohne Abzug sofort f\u00e4llig.<\/p>\n\n\n\n<div class=\"wp-block-buttons has-custom-font-size has-small-font-size is-content-justification-left is-layout-flex wp-container-core-buttons-is-layout-fdcfc74e wp-block-buttons-is-layout-flex\">\n<div class=\"wp-block-button is-style-default\"><a class=\"wp-block-button__link has-nv-text-dark-bg-color has-neve-link-color-background-color has-text-color has-background has-link-color has-custom-font-size wp-element-button\" href=\"https:\/\/engelundherz.de\/?page_id=361\" style=\"font-size:16px\">los<\/a><\/div>\n<\/div>\n\n\n\n<div style=\"height:40px\" aria-hidden=\"true\" class=\"wp-block-spacer\"><\/div>\n<\/div>\n<\/div>\n\n\n\n<div style=\"height:40px\" aria-hidden=\"true\" class=\"wp-block-spacer\"><\/div>\n\n\n\n<p class=\"has-nv-dark-bg-color has-text-color has-link-color wp-elements-8235378b7b69cde8d993fcf2337c7718\">Alle Preise verstehen sich als Endkundenpreise. Die Rechnung ist ohne Abzug sofort nach Erhalt f\u00e4llig.<\/p>\n\n\n\n<p class=\"has-nv-dark-bg-color has-text-color has-link-color wp-elements-0b53352f52ab2ec0dc4cd7e6a8fdf3d0\">Optional:<br>\u2022 Mindestdauer: 1 Stunde<br>\u2022 Materialpauschale: Wenn Taschen o.\u202f\u00e4. gestellt werden<br>\u2022 Zuschl\u00e4ge: z.\u202fB. f\u00fcr Wochenende, Feiertage oder Expressbuchungen<\/p>\n\n\n\n<p class=\"has-nv-dark-bg-color has-text-color has-link-color wp-elements-8e866e4c7c3de38e5a04bd8d65c4faf0\">*Anfahrt bis 10 Km: inklusive, jeder weitere km: +0,50 \u20ac (Sozialtarife gibt\u00b4s auf Antrag: nach Pr\u00fcfung ab 24,95 \u20ac pro Stunde.)<\/p>\n\n\n\n<p class=\"has-nv-dark-bg-color has-text-color has-link-color wp-elements-e57500b42626c4365464336c75b4a466\"><a href=\"https:\/\/engelundherz.de\/?page_id=509\" data-type=\"page\" data-id=\"509\">\ud83d\uded2 Monats-Abo Einkaufsservice \u2013 Ihr Alltag, unsere Aufgabe<\/a><\/p>\n\n\n\n<p><\/p>\n\n\n\n<p><\/p>\n\n\n\n<p><\/p>\n<\/div><\/div>\n<\/div><\/div>\n\n\n\n<div class=\"wp-block-cover alignfull\"><span aria-hidden=\"true\" class=\"wp-block-cover__background has-nv-site-bg-background-color has-background-dim-100 has-background-dim\"><\/span><div class=\"wp-block-cover__inner-container is-layout-flow wp-block-cover-is-layout-flow\">\n<div style=\"height:80px\" aria-hidden=\"true\" class=\"wp-block-spacer\"><\/div>\n\n\n\n<div class=\"wp-block-columns are-vertically-aligned-center is-layout-flex wp-container-core-columns-is-layout-9d6595d7 wp-block-columns-is-layout-flex\">\n<div class=\"wp-block-column is-vertically-aligned-center is-layout-flow wp-block-column-is-layout-flow\" style=\"padding-right:var(--wp--preset--spacing--30);padding-left:var(--wp--preset--spacing--30);flex-basis:50%\">\n<div style=\"height:20px\" aria-hidden=\"true\" class=\"wp-block-spacer\"><\/div>\n\n\n\n<h2 class=\"wp-block-heading has-text-align-left has-neve-text-color-color has-text-color\">Unterst\u00fctzung im Alltag \u2013 Mit Herz und Verstand<\/h2>\n\n\n\n<p class=\"has-text-align-left has-neve-text-color-color has-text-color\">Bei engelundherz.de stehen Menschlichkeit, Vertrauen und Hilfe im Mittelpunkt.<br>Ob beim Einkaufen, im Garten oder bei kleinen Herausforderungen im Alltag \u2013 wir sind f\u00fcr Sie da. Verl\u00e4sslich, regional und mit einem offenen Ohr f\u00fcr Ihre W\u00fcnsche.<\/p>\n\n\n\n<p class=\"has-text-align-left has-neve-text-color-color has-text-color\"><\/p>\n\n\n\n<div class=\"wp-block-buttons has-custom-font-size has-small-font-size is-content-justification-left is-layout-flex wp-container-core-buttons-is-layout-fdcfc74e wp-block-buttons-is-layout-flex\">\n<div class=\"wp-block-button is-style-default\"><a class=\"wp-block-button__link has-nv-text-dark-bg-color has-neve-link-color-background-color has-text-color has-background has-link-color has-custom-font-size wp-element-button\" href=\"https:\/\/engelundherz.de\/?page_id=11\" style=\"font-size:16px\">Los<\/a><\/div>\n<\/div>\n<\/div>\n\n\n\n<div class=\"wp-block-column is-vertically-aligned-center is-layout-flow wp-block-column-is-layout-flow\" style=\"padding-right:var(--wp--preset--spacing--30);padding-left:var(--wp--preset--spacing--30);flex-basis:50%\">\n<figure class=\"wp-block-image size-full has-custom-border is-style-default\"><img data-recalc-dims=\"1\" loading=\"lazy\" decoding=\"async\" width=\"1200\" height=\"800\" data-attachment-id=\"135\" data-permalink=\"https:\/\/engelundherz.de\/?attachment_id=135\" data-orig-file=\"https:\/\/i0.wp.com\/engelundherz.de\/wp-content\/uploads\/2025\/06\/komplett.jpg?fit=1536%2C1024&amp;ssl=1\" data-orig-size=\"1536,1024\" data-comments-opened=\"1\" data-image-meta=\"{&quot;aperture&quot;:&quot;0&quot;,&quot;credit&quot;:&quot;&quot;,&quot;camera&quot;:&quot;&quot;,&quot;caption&quot;:&quot;&quot;,&quot;created_timestamp&quot;:&quot;0&quot;,&quot;copyright&quot;:&quot;&quot;,&quot;focal_length&quot;:&quot;0&quot;,&quot;iso&quot;:&quot;0&quot;,&quot;shutter_speed&quot;:&quot;0&quot;,&quot;title&quot;:&quot;&quot;,&quot;orientation&quot;:&quot;0&quot;}\" data-image-title=\"komplett\" data-image-description=\"\" data-image-caption=\"\" data-large-file=\"https:\/\/i0.wp.com\/engelundherz.de\/wp-content\/uploads\/2025\/06\/komplett.jpg?fit=1024%2C683&amp;ssl=1\" src=\"https:\/\/i0.wp.com\/engelundherz.de\/wp-content\/uploads\/2025\/06\/komplett.jpg?resize=1200%2C800&#038;ssl=1\" alt=\"\" class=\"wp-image-135\" style=\"border-radius:16px\" srcset=\"https:\/\/i0.wp.com\/engelundherz.de\/wp-content\/uploads\/2025\/06\/komplett.jpg?w=1536&amp;ssl=1 1536w, https:\/\/i0.wp.com\/engelundherz.de\/wp-content\/uploads\/2025\/06\/komplett.jpg?resize=300%2C200&amp;ssl=1 300w, https:\/\/i0.wp.com\/engelundherz.de\/wp-content\/uploads\/2025\/06\/komplett.jpg?resize=1024%2C683&amp;ssl=1 1024w, https:\/\/i0.wp.com\/engelundherz.de\/wp-content\/uploads\/2025\/06\/komplett.jpg?resize=768%2C512&amp;ssl=1 768w, https:\/\/i0.wp.com\/engelundherz.de\/wp-content\/uploads\/2025\/06\/komplett.jpg?resize=930%2C620&amp;ssl=1 930w\" sizes=\"auto, (max-width: 1200px) 100vw, 1200px\" \/><\/figure>\n<\/div>\n<\/div>\n\n\n\n<div style=\"height:50px\" aria-hidden=\"true\" class=\"wp-block-spacer\"><\/div>\n\n\n\r\n<div \r\n\tclass=\"noPrint align wp-block-ppb-print-page\"\tid='ppbPrintPage-1' \r\n\tdata-attributes='{&quot;cId&quot;:&quot;ef0a64a1-e&quot;,&quot;alignment&quot;:&quot;left&quot;,&quot;btnColors&quot;:{&quot;color&quot;:&quot;#4527a4&quot;,&quot;bg&quot;:&quot;var(--nv-site-bg)&quot;},&quot;align&quot;:&quot;&quot;,&quot;buttonVariant&quot;:&quot;default&quot;,&quot;isPrintSection&quot;:false,&quot;sectionSelector&quot;:&quot;&quot;,&quot;isModal&quot;:false,&quot;isHeaderFooter&quot;:true,&quot;isBackground&quot;:false,&quot;isLayout&quot;:false,&quot;removeSelectors&quot;:&quot;&quot;,&quot;isIcon&quot;:true,&quot;icon&quot;:{&quot;type&quot;:&quot;default&quot;,&quot;default&quot;:&quot;fcPrinter&quot;,&quot;url&quot;:&quot;&quot;},&quot;isText&quot;:true,&quot;btnText&quot;:&quot;Print&quot;,&quot;btnTypo&quot;:{&quot;fontSize&quot;:{&quot;desktop&quot;:22,&quot;tablet&quot;:20,&quot;mobile&quot;:18}},&quot;btnHoverColors&quot;:{&quot;color&quot;:&quot;#4527a4&quot;,&quot;bg&quot;:&quot;#4527a433&quot;},&quot;btnPadding&quot;:{&quot;vertical&quot;:&quot;5px&quot;,&quot;horizontal&quot;:&quot;15px&quot;},&quot;btnBorder&quot;:{&quot;radius&quot;:&quot;5px&quot;},&quot;btnShadow&quot;:[],&quot;hoverBtnShadow&quot;:[]}'\r\n>\r\n<\/div>\r\n\n\n\n<div style=\"height:100px\" aria-hidden=\"true\" class=\"wp-block-spacer\"><\/div>\n<\/div><\/div>\n\n\n\n<div class=\"wp-block-cover alignfull\" style=\"min-height:300px;aspect-ratio:unset;\"><span aria-hidden=\"true\" class=\"wp-block-cover__background has-neve-link-color-background-color has-background-dim-100 has-background-dim\"><\/span><div class=\"wp-block-cover__inner-container is-layout-flow wp-block-cover-is-layout-flow\">\n<div style=\"height:140px\" aria-hidden=\"true\" class=\"wp-block-spacer\"><\/div>\n\n\n\n<div class=\"wp-block-columns is-layout-flex wp-container-core-columns-is-layout-9d6595d7 wp-block-columns-is-layout-flex\">\n<div class=\"wp-block-column is-layout-flow wp-block-column-is-layout-flow\" style=\"flex-basis:20%\"><\/div>\n\n\n\n<div class=\"wp-block-column is-layout-flow wp-block-column-is-layout-flow\" style=\"flex-basis:60%\">\n<div class=\"wp-block-group\"><div class=\"wp-block-group__inner-container is-layout-constrained wp-block-group-is-layout-constrained\">\n<h2 class=\"wp-block-heading has-text-align-center has-nv-text-dark-bg-color has-text-color\">\u201eJeder Mensch verdient Unterst\u00fctzung \u2013 mit W\u00fcrde, W\u00e4rme und einem L\u00e4cheln.\u201c<\/h2>\n\n\n\n<div class=\"wp-block-buttons is-horizontal is-content-justification-center is-layout-flex wp-container-core-buttons-is-layout-499968f5 wp-block-buttons-is-layout-flex\">\n<div class=\"wp-block-button is-style-primary\"><a class=\"wp-block-button__link has-neve-link-color-color has-text-color has-background has-link-color wp-element-button\" href=\"https:\/\/engelundherz.de\/?page_id=361\" style=\"background-color:#ffffff\">Los<\/a><\/div>\n<\/div>\n<\/div><\/div>\n<\/div>\n\n\n\n<div class=\"wp-block-column is-layout-flow wp-block-column-is-layout-flow\" style=\"flex-basis:20%\"><\/div>\n<\/div>\n\n\n\n<div style=\"height:140px\" aria-hidden=\"true\" class=\"wp-block-spacer\"><\/div>\n<\/div><\/div>\n\n\n\n<p><\/p>\n","protected":false},"excerpt":{"rendered":"","protected":false},"author":1,"featured_media":0,"parent":0,"menu_order":0,"comment_status":"closed","ping_status":"closed","template":"","meta":{"neve_meta_sidebar":"","neve_meta_container":"","neve_meta_enable_content_width":"on","neve_meta_content_width":100,"neve_meta_title_alignment":"","neve_meta_author_avatar":"","neve_post_elements_order":"","neve_meta_disable_header":"","neve_meta_disable_footer":"","neve_meta_disable_title":"on","advanced_seo_description":"","jetpack_seo_html_title":"","jetpack_seo_noindex":false,"jetpack_post_was_ever_published":false,"footnotes":""},"class_list":["post-10","page","type-page","status-publish","hentry"],"jetpack_sharing_enabled":true,"_links":{"self":[{"href":"https:\/\/engelundherz.de\/index.php?rest_route=\/wp\/v2\/pages\/10","targetHints":{"allow":["GET"]}}],"collection":[{"href":"https:\/\/engelundherz.de\/index.php?rest_route=\/wp\/v2\/pages"}],"about":[{"href":"https:\/\/engelundherz.de\/index.php?rest_route=\/wp\/v2\/types\/page"}],"author":[{"embeddable":true,"href":"https:\/\/engelundherz.de\/index.php?rest_route=\/wp\/v2\/users\/1"}],"replies":[{"embeddable":true,"href":"https:\/\/engelundherz.de\/index.php?rest_route=%2Fwp%2Fv2%2Fcomments&post=10"}],"version-history":[{"count":50,"href":"https:\/\/engelundherz.de\/index.php?rest_route=\/wp\/v2\/pages\/10\/revisions"}],"predecessor-version":[{"id":686,"href":"https:\/\/engelundherz.de\/index.php?rest_route=\/wp\/v2\/pages\/10\/revisions\/686"}],"wp:attachment":[{"href":"https:\/\/engelundherz.de\/index.php?rest_route=%2Fwp%2Fv2%2Fmedia&parent=10"}],"curies":[{"name":"wp","href":"https:\/\/api.w.org\/{rel}","templated":true}]}}